{"id":1455,"date":"2023-04-10T00:26:06","date_gmt":"2023-04-10T00:26:06","guid":{"rendered":"https:\/\/www.mtenergia.es\/?page_id=1455"},"modified":"2024-03-03T22:20:46","modified_gmt":"2024-03-03T22:20:46","slug":"1455-2","status":"publish","type":"page","link":"https:\/\/www.mtenergia.es\/index.php\/1455-2\/","title":{"rendered":"CALIDAD MEDIOAMBIENTE Y PRL"},"content":{"rendered":"<p>[et_pb_section fb_built=\u00bb1&#8243; admin_label=\u00bbsection\u00bb _builder_version=\u00bb4.20.4&#8243; parallax=\u00bbon\u00bb parallax_method=\u00bboff\u00bb hover_enabled=\u00bb0&#8243; global_colors_info=\u00bb{}\u00bb background_enable_image=\u00bboff\u00bb title_text=\u00bbCascade\u00bb background_video_mp4=\u00bbhttp:\/\/www.mtenergia.es\/wp-content\/uploads\/2018\/11\/Cascade.mp4&#8243; sticky_enabled=\u00bb0&#8243;][et_pb_row admin_label=\u00bbrow\u00bb _builder_version=\u00bb4.16&#8243; background_size=\u00bbinitial\u00bb background_position=\u00bbtop_left\u00bb background_repeat=\u00bbrepeat\u00bb global_colors_info=\u00bb{}\u00bb][et_pb_column type=\u00bb4_4&#8243; _builder_version=\u00bb4.16&#8243; custom_padding=\u00bb|||\u00bb global_colors_info=\u00bb{}\u00bb custom_padding__hover=\u00bb|||\u00bb][et_pb_divider show_divider=\u00bboff\u00bb disabled_on=\u00bbon|on|\u00bb _builder_version=\u00bb4.16&#8243; height=\u00bb100px\u00bb global_colors_info=\u00bb{}\u00bb][\/et_pb_divider][et_pb_text _builder_version=\u00bb4.16&#8243; text_font_size=\u00bb50&#8243; background_size=\u00bbinitial\u00bb background_position=\u00bbtop_left\u00bb background_repeat=\u00bbrepeat\u00bb text_orientation=\u00bbcenter\u00bb background_layout=\u00bbdark\u00bb module_alignment=\u00bbcenter\u00bb custom_padding=\u00bb100px||100px|\u00bb border_style=\u00bbsolid\u00bb global_colors_info=\u00bb{}\u00bb]<\/p>\n<h1 style=\"text-align: center;\"><strong>Pol\u00edtica de Calidad, Medio Ambiente y PRL<\/strong><\/h1>\n<p>[\/et_pb_text][et_pb_divider show_divider=\u00bboff\u00bb disabled_on=\u00bbon|on|\u00bb _builder_version=\u00bb4.16&#8243; height=\u00bb100px\u00bb global_colors_info=\u00bb{}\u00bb][\/et_pb_divider][\/et_pb_column][\/et_pb_row][\/et_pb_section][et_pb_section fb_built=\u00bb1&#8243; _builder_version=\u00bb4.16&#8243; global_colors_info=\u00bb{}\u00bb][et_pb_row _builder_version=\u00bb4.16&#8243; background_size=\u00bbinitial\u00bb background_position=\u00bbtop_left\u00bb background_repeat=\u00bbrepeat\u00bb global_colors_info=\u00bb{}\u00bb][et_pb_column type=\u00bb4_4&#8243; _builder_version=\u00bb4.16&#8243; custom_padding=\u00bb|||\u00bb global_colors_info=\u00bb{}\u00bb custom_padding__hover=\u00bb|||\u00bb][et_pb_text _builder_version=\u00bb4.20.4&#8243; text_font_size=\u00bb20&#8243; background_size=\u00bbinitial\u00bb background_position=\u00bbtop_left\u00bb background_repeat=\u00bbrepeat\u00bb text_orientation=\u00bbcenter\u00bb module_alignment=\u00bbcenter\u00bb custom_padding=\u00bb4px|||||\u00bb hover_enabled=\u00bb0&#8243; border_style=\u00bbsolid\u00bb global_colors_info=\u00bb{}\u00bb sticky_enabled=\u00bb0&#8243;]<\/p>\n<h2 style=\"text-align: center;\"><strong>POL\u00cdTICA DE CALIDAD, MEDIO AMBIENTE Y PRL DE MTENERGIA.<\/strong><\/h2>\n<p>EFECTIVIDAD: 23\/5\/2023\u00a0 \u00a0 \u00a0 \u00a0 \u00a0 \u00a0 \u00a0 \u00a0 \u00a0 \u00a0 \u00a0 \u00a0 \u00a0 \u00a0 \u00a0 \u00a0 \u00a0 \u00a0 \u00a0 \u00a0 \u00a0 \u00a0 \u00a0 \u00a0 \u00a0 \u00a0 \u00a0<\/p>\n<p>El compromiso de MT ENERGIA, es suministrar productos y servicios que satisfagan en cada momento las necesidades y expectativas de nuestros clientes de las Tecnolog\u00edas de la Informaci\u00f3n y las Comunicaciones (TIC), y de otras partes interesadas, de los cuales esperamos su reconocimiento como referencia en Calidad Y Medioambiente, respetando los compromisos legales y reglamentarios y mejorando de forma continua la eficacia del Sistema Integrado de Gesti\u00f3n de la Calidad y Medioambiente.<\/p>\n<p>Las siguientes directrices ser\u00e1n el marco de referencia para desarrollar nuestro sistema de Calidad:<\/p>\n<ul>\n<li>En MT ENERGIA, la satisfacci\u00f3n del cliente ser\u00e1 nuestro foco de atenci\u00f3n prioritaria, estudiaremos y comprenderemos sus requisitos y necesidades actuales o futuras, ayud\u00e1ndoles a implantar soluciones satisfactorias.<\/li>\n<li>Se establecer\u00e1 una comunicaci\u00f3n clara y abierta con los clientes y otras partes interesadas, con ayuda de las tecnolog\u00edas inform\u00e1ticas online o telem\u00e1ticas para conocer su valoraci\u00f3n sobre la Calidad de los productos y servicios objeto de nuestros servicios, estableci\u00e9ndose objetivos y metas para poder alcanzarla.<\/li>\n<li>Se proporcionar\u00e1 a los empleados la formaci\u00f3n y los recursos necesarios para lograr su eficacia en la prestaci\u00f3n de nuestros servicios y productos, y se delegar\u00e1 en ellos para que puedan desempe\u00f1ar su actividad con autoridad y responsabilidad.<\/li>\n<li>La involucraci\u00f3n de todos en la consecuci\u00f3n de los objetivos de la Organizaci\u00f3n ser\u00e1 clave para conseguir el cumplimiento de los requisitos y la satisfacci\u00f3n de nuestros clientes y partes interesadas.<\/li>\n<li>La calidad es responsabilidad de todos, en todas las \u00e1reas y a todos los niveles, se potencia el uso de acciones preventivas y de mejora, adem\u00e1s de controlar y, en su caso, corregir las no conformidades detectadas.<\/li>\n<li>MT ENERGIA, aplicar\u00e1 indicadores que midan la eficacia de los procesos principales y se establecer\u00e1n valores de referencia en su planificaci\u00f3n.<\/li>\n<li>La mejora continua de la Organizaci\u00f3n ser\u00e1 un objetivo permanente y todas las \u00e1reas implantar\u00e1n procesos de mejora que posibiliten nuestro avance y liderazgo.<\/li>\n<li>MT ENERGIA, mantendr\u00e1 un sistema de gesti\u00f3n de la calidad documentado e implantado de acuerdo con las directrices de la Direcci\u00f3n y las normas vigentes.<\/li>\n<li>MT ENERGIA, asegurar\u00e1 que los productos y servicios suministrados por nuestros proveedores satisfacen los requisitos, estableci\u00e9ndose relaciones que faciliten el logro de objetivos mutuos a trav\u00e9s de su evaluaci\u00f3n continua.<\/li>\n<\/ul>\n<p>[\/et_pb_text][\/et_pb_column][\/et_pb_row][\/et_pb_section]<\/p>\n","protected":false},"excerpt":{"rendered":"<p>Pol\u00edtica de Calidad, Medio Ambiente y PRLPOL\u00cdTICA DE CALIDAD, MEDIO AMBIENTE Y PRL DE MTENERGIA. EFECTIVIDAD: 23\/5\/2023\u00a0 \u00a0 \u00a0 \u00a0 \u00a0 \u00a0 \u00a0 \u00a0 \u00a0 \u00a0 \u00a0 \u00a0 \u00a0 \u00a0 \u00a0 \u00a0 \u00a0 \u00a0 \u00a0 \u00a0 \u00a0 \u00a0 \u00a0 \u00a0 \u00a0 \u00a0 \u00a0 El compromiso de MT ENERGIA, es suministrar productos y servicios que satisfagan [&hellip;]<\/p>\n","protected":false},"author":1,"featured_media":0,"parent":0,"menu_order":0,"comment_status":"closed","ping_status":"closed","template":"","meta":{"_et_pb_use_builder":"on","_et_pb_old_content":"","_et_gb_content_width":""},"_links":{"self":[{"href":"https:\/\/www.mtenergia.es\/index.php\/wp-json\/wp\/v2\/pages\/1455"}],"collection":[{"href":"https:\/\/www.mtenergia.es\/index.php\/wp-json\/wp\/v2\/pages"}],"about":[{"href":"https:\/\/www.mtenergia.es\/index.php\/wp-json\/wp\/v2\/types\/page"}],"author":[{"embeddable":true,"href":"https:\/\/www.mtenergia.es\/index.php\/wp-json\/wp\/v2\/users\/1"}],"replies":[{"embeddable":true,"href":"https:\/\/www.mtenergia.es\/index.php\/wp-json\/wp\/v2\/comments?post=1455"}],"version-history":[{"count":7,"href":"https:\/\/www.mtenergia.es\/index.php\/wp-json\/wp\/v2\/pages\/1455\/revisions"}],"predecessor-version":[{"id":1840,"href":"https:\/\/www.mtenergia.es\/index.php\/wp-json\/wp\/v2\/pages\/1455\/revisions\/1840"}],"wp:attachment":[{"href":"https:\/\/www.mtenergia.es\/index.php\/wp-json\/wp\/v2\/media?parent=1455"}],"curies":[{"name":"wp","href":"https:\/\/api.w.org\/{rel}","templated":true}]}}